{"id":72,"date":"2018-01-07T16:48:18","date_gmt":"2018-01-07T16:48:18","guid":{"rendered":"http:\/\/localhost\/wordpress\/?page_id=72"},"modified":"2018-02-04T13:27:56","modified_gmt":"2018-02-04T13:27:56","slug":"tapi-2-1","status":"publish","type":"page","link":"https:\/\/www.thulke-komtec.de\/?page_id=72","title":{"rendered":"TAPI 2.1"},"content":{"rendered":"<h2>TAPI 2.1<\/h2>\n<p align=\"left\">Die\u00a0NEC Kommunikationssysteme unterst\u00fctzen die TAPI 2.1 Schnittstelle zur nahtlosen Integration in Ihr Kommunikationsnetzwerk.<\/p>\n<p align=\"left\">Die TAPI-Schnittstelle erm\u00f6glicht die\u00a0Einbindung aller\u00a0g\u00e4ngigen 3rd-Party-CTI-L\u00f6sungen \u00fcber Ihr LAN. F\u00fcr Sie als Betreiber wichtig: Die Applikation arbeitet ganz ohne kostspielige Com-Port-Adapter\u00a0und pr\u00e4sentiert sich damit als flexible herstellerunabh\u00e4ngige Alternative bei der Umsetzung Ihrer CTI-Strategie.<\/p>\n<p align=\"left\"><img loading=\"lazy\" decoding=\"async\" class=\"aligncenter size-full wp-image-306\" src=\"https:\/\/thulke-komtec.de\/wp-content\/uploads\/2018\/02\/TAPI.gif\" alt=\"\" width=\"550\" height=\"397\" \/><\/p>\n","protected":false},"excerpt":{"rendered":"<p>TAPI 2.1 Die\u00a0NEC Kommunikationssysteme unterst\u00fctzen die TAPI 2.1 Schnittstelle zur nahtlosen Integration in Ihr Kommunikationsnetzwerk. Die TAPI-Schnittstelle erm\u00f6glicht die\u00a0Einbindung aller\u00a0g\u00e4ngigen[&#8230;]<\/p>\n","protected":false},"author":2,"featured_media":0,"parent":54,"menu_order":0,"comment_status":"closed","ping_status":"closed","template":"","meta":{"footnotes":""},"class_list":["post-72","page","type-page","status-publish","hentry"],"_links":{"self":[{"href":"https:\/\/www.thulke-komtec.de\/index.php?rest_route=\/wp\/v2\/pages\/72","targetHints":{"allow":["GET"]}}],"collection":[{"href":"https:\/\/www.thulke-komtec.de\/index.php?rest_route=\/wp\/v2\/pages"}],"about":[{"href":"https:\/\/www.thulke-komtec.de\/index.php?rest_route=\/wp\/v2\/types\/page"}],"author":[{"embeddable":true,"href":"https:\/\/www.thulke-komtec.de\/index.php?rest_route=\/wp\/v2\/users\/2"}],"replies":[{"embeddable":true,"href":"https:\/\/www.thulke-komtec.de\/index.php?rest_route=%2Fwp%2Fv2%2Fcomments&post=72"}],"version-history":[{"count":1,"href":"https:\/\/www.thulke-komtec.de\/index.php?rest_route=\/wp\/v2\/pages\/72\/revisions"}],"predecessor-version":[{"id":391,"href":"https:\/\/www.thulke-komtec.de\/index.php?rest_route=\/wp\/v2\/pages\/72\/revisions\/391"}],"up":[{"embeddable":true,"href":"https:\/\/www.thulke-komtec.de\/index.php?rest_route=\/wp\/v2\/pages\/54"}],"wp:attachment":[{"href":"https:\/\/www.thulke-komtec.de\/index.php?rest_route=%2Fwp%2Fv2%2Fmedia&parent=72"}],"curies":[{"name":"wp","href":"https:\/\/api.w.org\/{rel}","templated":true}]}}