{"id":70,"date":"2018-01-07T16:47:52","date_gmt":"2018-01-07T16:47:52","guid":{"rendered":"http:\/\/localhost\/wordpress\/?page_id=70"},"modified":"2018-02-04T13:27:31","modified_gmt":"2018-02-04T13:27:31","slug":"mycti","status":"publish","type":"page","link":"https:\/\/www.thulke-komtec.de\/?page_id=70","title":{"rendered":"MyCTI"},"content":{"rendered":"<h3 class=\"csc-firstHeader\">MyCTI: Computer Telefonie Integration<\/h3>\n<p><strong>Machen Sie Ihren Rechner zum pers\u00f6nlichen Sekretariat.<\/strong><\/p>\n<p>Die MyCTI Software ist voll mit Microsoflt Outlook oder anderen Programmen, wie z. B. Tobit, integrierbar.<\/p>\n<p>MyCTI wird an die CRM-Datenbank Ihres Unternehmens gekoppelt und zeigt am Monitor schon vor der Rufannahme s\u00e4mtliche Kundendaten an, die sie f\u00fcr eine pers\u00f6nliche und effiziente Bearbeitung der Anfrage ben\u00f6tigen.<\/p>\n<p>Mit Mausklick auf jegliche Telefonnummern in Ihrer Kontaktdatenbank, sowie jede Telefonnummer aus digitalen Unterlagen und Internet, wird automatisch die Anwahl \u00fcber Ihr Systemtelefon gestartet. Anrufererkennung, Anrufhistorie und Anwesenheitsmanagement sind nur ein Auszug aus dem umfangreichen Repertoire.<\/p>\n<p><img loading=\"lazy\" decoding=\"async\" class=\"aligncenter size-full wp-image-304\" src=\"https:\/\/thulke-komtec.de\/wp-content\/uploads\/2018\/02\/mycti.gif\" alt=\"\" width=\"300\" height=\"419\" \/><\/p>\n","protected":false},"excerpt":{"rendered":"<p>MyCTI: Computer Telefonie Integration Machen Sie Ihren Rechner zum pers\u00f6nlichen Sekretariat. Die MyCTI Software ist voll mit Microsoflt Outlook oder[&#8230;]<\/p>\n","protected":false},"author":2,"featured_media":0,"parent":54,"menu_order":0,"comment_status":"closed","ping_status":"closed","template":"","meta":{"footnotes":""},"class_list":["post-70","page","type-page","status-publish","hentry"],"_links":{"self":[{"href":"https:\/\/www.thulke-komtec.de\/index.php?rest_route=\/wp\/v2\/pages\/70","targetHints":{"allow":["GET"]}}],"collection":[{"href":"https:\/\/www.thulke-komtec.de\/index.php?rest_route=\/wp\/v2\/pages"}],"about":[{"href":"https:\/\/www.thulke-komtec.de\/index.php?rest_route=\/wp\/v2\/types\/page"}],"author":[{"embeddable":true,"href":"https:\/\/www.thulke-komtec.de\/index.php?rest_route=\/wp\/v2\/users\/2"}],"replies":[{"embeddable":true,"href":"https:\/\/www.thulke-komtec.de\/index.php?rest_route=%2Fwp%2Fv2%2Fcomments&post=70"}],"version-history":[{"count":1,"href":"https:\/\/www.thulke-komtec.de\/index.php?rest_route=\/wp\/v2\/pages\/70\/revisions"}],"predecessor-version":[{"id":390,"href":"https:\/\/www.thulke-komtec.de\/index.php?rest_route=\/wp\/v2\/pages\/70\/revisions\/390"}],"up":[{"embeddable":true,"href":"https:\/\/www.thulke-komtec.de\/index.php?rest_route=\/wp\/v2\/pages\/54"}],"wp:attachment":[{"href":"https:\/\/www.thulke-komtec.de\/index.php?rest_route=%2Fwp%2Fv2%2Fmedia&parent=70"}],"curies":[{"name":"wp","href":"https:\/\/api.w.org\/{rel}","templated":true}]}}