{"id":60,"date":"2018-01-07T16:46:19","date_gmt":"2018-01-07T16:46:19","guid":{"rendered":"http:\/\/localhost\/wordpress\/?page_id=60"},"modified":"2018-02-04T13:24:59","modified_gmt":"2018-02-04T13:24:59","slug":"gebuhrenerfassung","status":"publish","type":"page","link":"https:\/\/www.thulke-komtec.de\/?page_id=60","title":{"rendered":"Geb\u00fchrenerfassung"},"content":{"rendered":"<h2>Geb\u00fchrenerfassung<\/h2>\n<h3 class=\"csc-firstHeader\">Geb\u00fchrenerfassung MyAccount\u00a0<img loading=\"lazy\" decoding=\"async\" class=\"alignright size-full wp-image-299\" src=\"https:\/\/thulke-komtec.de\/wp-content\/uploads\/2018\/02\/geber.gif\" alt=\"\" width=\"200\" height=\"277\" \/><\/h3>\n<p>Wie viele Anrufe gehen in Ihrem Unternehmen t\u00e4glich ein? Welche Abteilung telefoniert am meisten? Welche Kosten entstehen Ihrem Unternehmen?<\/p>\n<p>Eine detaillierte Geb\u00fchrenerfassung erm\u00f6glicht es Ihnen, Kommunikationskosten exakt den Verursachern zuzuweisen und optimal zu kontrollieren.<\/p>\n<p>F\u00fcr die NEC\u00a0Telefonsysteme ist ein umfassendes Softwaremodul f\u00fcr die Geb\u00fchrenerfassung erh\u00e4ltlich. Die Applikation sammelt und speichert s\u00e4mtliche in Ihrem Unternehmen auflaufenden Gespr\u00e4chsdaten. Diese Datens\u00e4tze k\u00f6nnen wahlweise manuell oder automatisiert nach unterschiedlichsten Kriterien ausgewertet und zu aussagekr\u00e4ftigen Berichten zusammen gefasst werden. Die Rechnungserstellung erfolgt direkt aus der Software.<\/p>\n<p>Neben dem Grundmodul f\u00fcr die klassische <strong>Geb\u00fchrenauswertung<\/strong> sind Module f\u00fcr <strong>Hotel, Wohnheim<\/strong> und <strong>Arbeitszeiterfassung<\/strong> erh\u00e4ltlich.<\/p>\n","protected":false},"excerpt":{"rendered":"<p>Geb\u00fchrenerfassung Geb\u00fchrenerfassung MyAccount\u00a0 Wie viele Anrufe gehen in Ihrem Unternehmen t\u00e4glich ein? Welche Abteilung telefoniert am meisten? Welche Kosten entstehen[&#8230;]<\/p>\n","protected":false},"author":2,"featured_media":0,"parent":54,"menu_order":0,"comment_status":"closed","ping_status":"closed","template":"","meta":{"footnotes":""},"class_list":["post-60","page","type-page","status-publish","hentry"],"_links":{"self":[{"href":"https:\/\/www.thulke-komtec.de\/index.php?rest_route=\/wp\/v2\/pages\/60","targetHints":{"allow":["GET"]}}],"collection":[{"href":"https:\/\/www.thulke-komtec.de\/index.php?rest_route=\/wp\/v2\/pages"}],"about":[{"href":"https:\/\/www.thulke-komtec.de\/index.php?rest_route=\/wp\/v2\/types\/page"}],"author":[{"embeddable":true,"href":"https:\/\/www.thulke-komtec.de\/index.php?rest_route=\/wp\/v2\/users\/2"}],"replies":[{"embeddable":true,"href":"https:\/\/www.thulke-komtec.de\/index.php?rest_route=%2Fwp%2Fv2%2Fcomments&post=60"}],"version-history":[{"count":1,"href":"https:\/\/www.thulke-komtec.de\/index.php?rest_route=\/wp\/v2\/pages\/60\/revisions"}],"predecessor-version":[{"id":386,"href":"https:\/\/www.thulke-komtec.de\/index.php?rest_route=\/wp\/v2\/pages\/60\/revisions\/386"}],"up":[{"embeddable":true,"href":"https:\/\/www.thulke-komtec.de\/index.php?rest_route=\/wp\/v2\/pages\/54"}],"wp:attachment":[{"href":"https:\/\/www.thulke-komtec.de\/index.php?rest_route=%2Fwp%2Fv2%2Fmedia&parent=60"}],"curies":[{"name":"wp","href":"https:\/\/api.w.org\/{rel}","templated":true}]}}