{"id":14,"date":"2018-01-07T16:13:22","date_gmt":"2018-01-07T16:13:22","guid":{"rendered":"http:\/\/localhost\/wordpress\/?page_id=14"},"modified":"2018-02-04T14:43:29","modified_gmt":"2018-02-04T14:43:29","slug":"desktop-telefone","status":"publish","type":"page","link":"https:\/\/www.thulke-komtec.de\/?page_id=14","title":{"rendered":"Desktop Telefone"},"content":{"rendered":"<p>&#8222;Form follows function&#8220; \u2013 dieser Spruch ist aktuell wie eh und je. Wir haben ihn f\u00fcr die Endger\u00e4te der SV8100 konsequent, \u00e4sthetisch und modular umgesetzt.<\/p>\n<p><b>Entscheidungsfreiheit: IP und \/ oder TDM?<\/b><img loading=\"lazy\" decoding=\"async\" class=\"alignright size-full wp-image-345\" src=\"https:\/\/thulke-komtec.de\/wp-content\/uploads\/2018\/02\/RTEmagicC_Telefone_06.gif.gif\" alt=\"\" width=\"132\" height=\"700\" \/><br \/>\nDie intuitive Benutzeroberfl\u00e4che und Leistungsmerkmale der digitalen bzw. IP Endger\u00e4te sind gleich. Somit k\u00f6nnen Sie von einer Plattform zur anderen wechseln ohne sich auf ein neues Telefon einstellen zu m\u00fcssen.<\/p>\n<p><b>F\u00fcr jeden das richtige Telefon<\/b><\/p>\n<p>Das modulare Design der SV8100 Telefone erm\u00f6glicht eine optimale Anpassung des Telefons an den jeweiligen Anforderungen des Arbeitsplatzes, egal ob Rezeption, Konferenzraum, Call Center, Sachbearbeitung oder Management. Diese Optionen umfassen:<\/p>\n<ul>\n<li>Zusatzmodule mit Funktionstasten<\/li>\n<li>Kundenspezifische Tastenfelder<\/li>\n<li>Unterschiedliche LC Displays<\/li>\n<li>Personalisierung des Displays \u00fcber XML Schnittstelle<\/li>\n<li>Unterschiedliche Seitenblenden<\/li>\n<li>Schnurloses Handset mit Bluetooth Schnittstelle<\/li>\n<\/ul>\n<p><strong>Leistungsmerkmale<\/strong><\/p>\n<ul>\n<li>Verzeichnisse: pers\u00f6nliche, System- und Konzernverzeichnisse im Telefon, f\u00fcr schnelle und einfache Suche von Ansprechpartnern<\/li>\n<li>Ruflisten: Anrufprotokoll, u.a.\u00a0f\u00fcr R\u00fcckanrufe und Nummernspeicherung<\/li>\n<li>Audioqualit\u00e4t: klare Sprachwiedergabe durch Breitband-Codecs<\/li>\n<li>Datenschutz: mehrere Sicherheitsebenen der IP-Endger\u00e4te sch\u00fctzen Verzeichnisse und alle anderen Daten<\/li>\n<li>Variable Klingelt\u00f6ne: unverwechselbarer Klingelton f\u00fcr unterschiedliche Anrufer<\/li>\n<li>Zentralisierte Steuerung: Zugriff auf alle Endger\u00e4te in Echtzeit, zentrale Sicherheitsma\u00dfnahmen\u00a0<img loading=\"lazy\" decoding=\"async\" class=\"alignright size-full wp-image-346\" src=\"https:\/\/thulke-komtec.de\/wp-content\/uploads\/2018\/02\/RTEmagicC_TelefoneQuer_05.gif.gif\" alt=\"\" width=\"472\" height=\"150\" \/><\/li>\n<\/ul>\n","protected":false},"excerpt":{"rendered":"<p>&#8222;Form follows function&#8220; \u2013 dieser Spruch ist aktuell wie eh und je. Wir haben ihn f\u00fcr die Endger\u00e4te der SV8100[&#8230;]<\/p>\n","protected":false},"author":2,"featured_media":0,"parent":12,"menu_order":0,"comment_status":"closed","ping_status":"closed","template":"","meta":{"footnotes":""},"class_list":["post-14","page","type-page","status-publish","hentry"],"_links":{"self":[{"href":"https:\/\/www.thulke-komtec.de\/index.php?rest_route=\/wp\/v2\/pages\/14","targetHints":{"allow":["GET"]}}],"collection":[{"href":"https:\/\/www.thulke-komtec.de\/index.php?rest_route=\/wp\/v2\/pages"}],"about":[{"href":"https:\/\/www.thulke-komtec.de\/index.php?rest_route=\/wp\/v2\/types\/page"}],"author":[{"embeddable":true,"href":"https:\/\/www.thulke-komtec.de\/index.php?rest_route=\/wp\/v2\/users\/2"}],"replies":[{"embeddable":true,"href":"https:\/\/www.thulke-komtec.de\/index.php?rest_route=%2Fwp%2Fv2%2Fcomments&post=14"}],"version-history":[{"count":2,"href":"https:\/\/www.thulke-komtec.de\/index.php?rest_route=\/wp\/v2\/pages\/14\/revisions"}],"predecessor-version":[{"id":423,"href":"https:\/\/www.thulke-komtec.de\/index.php?rest_route=\/wp\/v2\/pages\/14\/revisions\/423"}],"up":[{"embeddable":true,"href":"https:\/\/www.thulke-komtec.de\/index.php?rest_route=\/wp\/v2\/pages\/12"}],"wp:attachment":[{"href":"https:\/\/www.thulke-komtec.de\/index.php?rest_route=%2Fwp%2Fv2%2Fmedia&parent=14"}],"curies":[{"name":"wp","href":"https:\/\/api.w.org\/{rel}","templated":true}]}}